ppose f - 5*s = u, 0*f = 3*f - s - 2749. Is f a composite number?
True
Suppose -4*q - 6*r + 2496 = 0, 31*q + 1232 = 33*q - r. Suppose 5*g - 6963 = 2*g. Let v = q + g. Is v composite?
False
Let g be 2 + 3 + -2 + -9. Let s be (-28)/42 - 28/g. Suppose 6*o - 4*o + s*m - 4978 = 0, -5*m = -3*o + 7500. Is o a prime number?
False
Let m = -55 + 34. Let w(u) = u**3 + 20*u**2 - 21*u + 3. Let r be w(m). Suppose -5*s - 494 = -4*j + 165, -480 = -r*j - s. Is j a composite number?
True
Let x = -53161 - -17015. Let w = x - -51960. Suppose -5*c - u = -w, c = 4*c + 3*u - 9486. Is c composite?
False
Suppose -29*q + 24*q - 20 = 0. Let j be (-2)/4 + (-226)/q. Is 1 + 2 + j + 20 prime?
True
Suppose 0 = -p - 2*u + 37319, 27*p - 5*u = 24*p + 111968. Is p a composite number?
False
Let m(r) = 14*r + 131. Let s be m(-9). Suppose -10*b + 1532 = -s*b - g, -5*b = 4*g - 1547. Is b a prime number?
True
Let x(c) = 2922*c**2 - 2. Let t be x(-1). Suppose 5*n = 675 + t. Let a = n + 340. Is a composite?
True
Let d = 9066 + -2648. Is d prime?
False
Suppose 5*s = -4*t + 98142, 4*s = 7*s + t - 58888. Suppose 6*p - s = -4864. Suppose -4*q + 0*q + p = 3*g, 3*q = g + 1836. Is q a prime number?
True
Suppose -7*n + 49135 + 12052 = 0. Is n prime?
True
Suppose -2*q = -532767 + 37685. Is q prime?
False
Is (-2)/31 - 1*(-18985276)/124 prime?
True
Let w = 52037 + -32418. Is w composite?
True
Let r = -58 - -61. Suppose f = -r*v + 3509, -v + f + 1177 = 5*f. Is v a prime number?
False
Let p(w) = 20*w**3 - 13*w**2 + 47*w + 7. Let u be p(6). Let y = u + 406. Is y composite?
False
Let n(d) = 17*d**2 + 12*d**2 + 55 + 23*d + d**3 - 35*d**2. Is n(12) composite?
True
Let v(c) = -137*c - 29. Let g be v(15). Let k = 3001 + g. Is k a prime number?
False
Let z(x) = 254*x**2 + 78*x + 11. Is z(13) prime?
True
Let v(r) = -3415*r**2 + 8*r - 8. Let q be v(1). Let y = q - -9766. Is 1*y - (0 + -2) composite?
False
Suppose -69960*f = -69974*f + 1786918. Is f a composite number?
False
Suppose -4*w = 3*v - 2965438, 29*w + 5*v = 25*w + 2965434. Is w prime?
False
Let h(y) = 61*y. Let f be h(6). Let u be 608 - -61 - (-1 - 6/2). Let b = u - f. Is b a composite number?
False
Is (27705/(-10))/((-5949)/846 - -7) a composite number?
True
Let h = -749 + 287. Let d be (3/6)/((-1)/h). Let m = 386 - d. Is m a composite number?
True
Let d = 610 - 586. Suppose -d*k + 21*k = -28722. Is k prime?
False
Suppose 3*n + 5*z - 236731 = 24293, 434966 = 5*n - 4*z. Is n prime?
False
Let w = -12 + 17. Suppose -15 + 0 = -w*f. Let g(i) = 17*i**3 + i**2 - i + 6. Is g(f) composite?
True
Let l(w) = w**3 + 18*w**2 - 3*w - 20. Let b be l(-18). Suppose -27*z - 6349 = -b*z. Is z prime?
True
Suppose -24*i + 29*i = 189605. Suppose i = -20*f + 100661. Is f composite?
False
Suppose -4*f = -4*l + 149928, 0 = 5*l + 4*f + 2445 - 189810. Is l a prime number?
False
Let l = 36828 - -10955. Is l a prime number?
False
Let b(w) = -24*w**3 - 10*w**2 - 45*w - 112. Is b(-9) composite?
False
Let f = -47187 + 164614. Is f composite?
False
Suppose 0 = -8*z + 3*z + 510. Let h be (67 - 0)/((-6)/z). Let w = h + 1788. Is w a prime number?
False
Let d be (8/12)/((-2)/(-15)). Is ((-92085)/75)/((-1)/d) a prime number?
False
Suppose 5*v = -5*c + 1284930 + 654950, 2*v - 775994 = 4*c. Is v a prime number?
False
Suppose 4*b = 5*z - 500, 3*b + z + 524 = -b. Let y be ((-46)/(-10) - 0) + (-52)/b. Suppose 0 = 4*o - 4*x - 84, -y*x + 37 = 2*o + 9. Is o composite?
False
Let d = -3185 - -5802. Let j = 53446 + d. Is j a prime number?
False
Let c(k) = -20*k**3 + 7*k**2 - 4*k - 12. Let d be c(5). Let o = d - -5933. Let h = o - 2365. Is h a prime number?
False
Let j = 29 - 60. Let f = j + 37. Suppose f*b + 538 = 7*b. Is b composite?
True
Is (-64)/56 - 198/(-63) - -278015 a composite number?
False
Is 11*2 - (-549655 - -1020) composite?
False
Suppose 0 = -0*m - m - 28. Let y = m - -31. Suppose -3 = r, 2*u = u + y*r + 812. Is u prime?
False
Suppose 3*i - 27554 = -3*w + 8896, -3*w - 60726 = -5*i. Suppose -i = -78*s + 75*s. Is s prime?
True
Suppose 790292 - 5476281 = -77*p. Is p a prime number?
False
Let k(b) be the third derivative of 1117/6*b**3 - 1/30*b**5 + 1/24*b**4 + 0 + 0*b + 1/120*b**6 + 13*b**2. Is k(0) a composite number?
False
Let z(o) = -o**3 + 35*o**2 - 44*o - 41. Let d = 138 - 106. Is z(d) prime?
False
Let x = 1155 - -399. Let i = 398 + -58. Suppose -2*m - i = 4*n - x, 2*n = m - 619. Is m composite?
False
Let o(a) = -a**3 + 48*a**2 - 64*a - 185. Is o(46) prime?
True
Suppose 0*a + 3*a = 21. Suppose 3*t = a*t. Let h(s) = -3*s**2 + s + 307. Is h(t) a prime number?
True
Let c = -590007 - -917096. Is c a composite number?
True
Suppose 313 = -d + 2*d - 2*m, 5*d - 1580 = 5*m. Let g(z) = d - 2*z + 96 + 0*z + z. Is g(0) a prime number?
False
Let d be 37308/144 - (-2)/(-24). Suppose 17*r - d = 642. Is r composite?
False
Suppose 0 = d, -2*d - 11283 = 3*p - 36186. Let x = -3692 + p. Is x a prime number?
False
Suppose -804150 + 13 = -19*p. Is p composite?
False
Suppose -4*j + 30183 - 10503 = 0. Suppose -4*t = -0*t + j. Let o = 2203 + t. Is o prime?
False
Let u(v) = 14*v**2. Let c be u(-1). Let z(h) = 19*h + 11 + h**2 - 17*h + 30*h - 3*h**2. Is z(c) a prime number?
True
Let v(b) = -b**2 - 4*b + 1. Let d be v(-3). Suppose 3*i = -d*i + 3626. Suppose -8*z = -138 - i. Is z prime?
False
Let m = 36938 - 15566. Let y = -8251 + m. Is y a prime number?
True
Let v(q) = -q**3 + 27*q**2 - 37*q - 21. Suppose o = -j + 19, 2*o + j - 30 - 7 = 0. Let a be v(o). Is (-2)/8 - a/(-4) composite?
False
Let y = -435406 + 816689. Is y composite?
True
Is 5/((-135)/72)*3 - -53305 a prime number?
False
Is (144/12 - -1)*(2 + 2177) a composite number?
True
Suppose 20 = 4*n, -3*u + 6*u + 3*n = 24. Let l(h) = -3*h**2 - 10*h + 51. Let o be l(-17). Is (u + -3)/(-1) + (1 - o) composite?
False
Let t(f) = 4946*f**2 - 114*f + 431. Is t(4) composite?
False
Suppose 127*q - 2468720 + 1579831 = 5524738. Is q composite?
True
Let f = -1600400 - -3280033. Is f composite?
False
Suppose 5*a + 4*d = 46373, 27*a - 32*a = -2*d - 46391. Is a prime?
True
Let m be 103410 - -2 - (-3 + 4). Is 4/(-6)*1 + m/357 a prime number?
False
Let n = 4317 - -1688. Suppose 3*v + 6*w - 8*w = 18015, 5*w + n = v. Is v prime?
False
Suppose -20*n = -19*n + 4, -3*n = -x + 49855. Is x a prime number?
True
Let y(n) = 9*n**2 + 2*n**2 - 19*n + 26 + 3*n**2. Let p be ((-1)/1)/((15 - 16)/23). Is y(p) a prime number?
False
Is -50077*(28/35*-1 + (-6)/30) composite?
False
Suppose -2*o + 5*w + 84501 = -o, 2*o = w + 168984. Suppose 0 = -10*y + o - 6081. Is y a composite number?
False
Let j = 25 - -5. Let d be j/(-4)*2/(-3). Suppose -5*o - 2260 = -d*x, 0*o - 446 = -x - o. Is x a prime number?
True
Let m(j) = j**3 + 3*j**2 + 5*j + 17. Let h be m(-3). Is 2276 + (4 - 9) + (-4)/h prime?
True
Suppose -p + 2 = 2*z, -8*z + 3*z + 14 = -2*p. Let m be p*3/6 - -460. Suppose m = 6*o - 99. Is o a prime number?
False
Suppose -16 = -w - 2*x, 2*x + 68 = 3*w - 12. Let a(t) = 27*t - 25. Is a(w) prime?
False
Let l = 66994 - 4535. Is l a composite number?
False
Let u(f) = -11*f - 129. Let w be u(-12). Suppose -16*s = -13*s + 2*n - 3177, -3*s - w*n + 3180 = 0. Is s a prime number?
False
Suppose -2*n = -5*a - 10, 4*a = 2*n + 5*a - 10. Suppose -4*i - 4*b + 49266 = -598, 4*b = -n*i + 62325. Is i a prime number?
False
Let m = 6389 - 4036. Let g = m + -32. Is g prime?
False
Suppose -2*b - 644 = -662. Is (b + -4)*(-4842)/(-30) a prime number?
False
Let b(d) = -35807*d - 1733. Is b(-8) composite?
False
Is (-30)/195 - (7 + (-2478166)/13) a composite number?
True
Suppose 129*l - 138*l = -748071. Is l prime?
False
Let b(q) be the third derivative of -q**6/120 + 3*q**5/20 - q**4/4 + 11*q**3/6 - 79*q**2. Is b(-11) composite?
True
Suppose -4*c + 4*d + 4724 = 0, -3*d = -c + 3*c - 2357. Suppose 2*q - 1702 = -2*m, 3*q + c = m + 329. Is m a prime number?
False
Is ((-477616)/64)/((-2)/8) composite?
False
Suppose 0 = -5*x - j + 959944, -3*x + 4*j + 72580 = -503391. Is x composite?
True
Suppose 0 = -16*w + 19760 + 3184. Let a = -736 + 357. Let s = w + a. Is s composite?
True
Suppose -4*c + 5*d = 588 - 5487, 4*c - 4914 = 2*d. Is c - 5/(25/10) prime?
True
Suppose -133 = -35*a + 77. Is ((a + -5)*2)/((-2)/(-541)) a prime number?
True
Suppose -y + 17*y = -48. Is (-4)/6 + y/((-27)/24153) a prime number?
True
Let c = 191 + -19